{"id":22839,"date":"2018-04-18T18:31:01","date_gmt":"2018-04-18T18:31:01","guid":{"rendered":"http:\/\/www.gasolineradelavictoria.com.mx\/main\/?page_id=22839"},"modified":"2021-09-27T20:49:34","modified_gmt":"2021-09-27T20:49:34","slug":"our-services-with-full-width-2-4","status":"publish","type":"page","link":"https:\/\/www.gasolineradelavictoria.com.mx\/main\/?page_id=22839","title":{"rendered":"Tarjetas de Cr\u00e9dito"},"content":{"rendered":"<p>[vc_row type=\u00bbgrid\u00bb][vc_column][vc_empty_space height=\u00bb130px\u00bb][vc_column_text]<\/p>\n<p style=\"text-align: center;\"><span style=\"font-size: 18pt; color: #333333;\">\u00bfC\u00f3mo funciona?<\/span><\/p>\n<p>[\/vc_column_text][vc_single_image image=\u00bb22510&#8243; img_size=\u00bbfull\u00bb alignment=\u00bbcenter\u00bb][vc_column_text]<span style=\"font-size: 14pt; color: #333333;\">Es un Tarjeta para el consumo de diario de gasolina con la facilidad y beneficio de usted mismo poder restringir v\u00eda Internet (previa identificaci\u00f3n electr\u00f3nica NIP) de la persona responsable: Montos, Horarios de carga, habilita o deshabilita tarjetas en caso de extravi\u00f3 o cualquier motivo que a usted o a su empresa convenga. No se cobra comisi\u00f3n alguna por transacci\u00f3n o movimientos. Todas las tarjetas est\u00e1n identificadas con su propio c\u00f3digo de barras para mantener la seguridad en cada una de ellas. Entrega de Comprobante de carga el cual incluye monto hora y fecha de carga con lo cual usted podr\u00e1 cotejar al momento de sus reportes de carga.<\/span><\/p>\n<p>[\/vc_column_text][vc_empty_space][vc_column_text]<\/p>\n<p style=\"text-align: center;\"><span style=\"font-size: 18pt; color: #333333;\">\u00bfC\u00f3mo obtener nuestra tarjeta de cr\u00e9dito?<\/span><\/p>\n<p>[\/vc_column_text][vc_single_image image=\u00bb22510&#8243; img_size=\u00bbfull\u00bb alignment=\u00bbcenter\u00bb][vc_column_text]<span style=\"font-size: 14pt;\"><span style=\"color: #333333;\">Usted puede tramitar su cr\u00e9dito en nuestras oficinas puede usted hacer el pago en la cuenta banco<\/span> <strong><span style=\"color: #ffbd07;\">Banorte 0131616309, Sucursal No. 1501 GDL La Paz. Cuenta CLABE 072320001316163092<\/span><\/strong> <span style=\"color: #333333;\">posteriormente usted podr\u00e1 recoger o pasar por su recarga a nuestras oficinas ubicadas en Av. Ni\u00f1os h\u00e9roes 2043 colonia barrera (frente al monumento de los ni\u00f1os h\u00e9roes).<\/span><\/span><\/p>\n<p>[\/vc_column_text][vc_empty_space][vc_row_inner][vc_column_inner width=\u00bb1\/2&#8243;][vc_single_image image=\u00bb22893&#8243; img_size=\u00bb1000&#215;400&#8243; alignment=\u00bbcenter\u00bb onclick=\u00bbcustom_link\u00bb qode_css_animation=\u00bbelement_from_top\u00bb]<div class='service_table_holder'><ul class='service_table_inner'><li class='service_table_title_holder ' style=''><div class='service_table_title_inner'><div class='service_table_title_inner2'><h4 class='service_title' style=''>Requisitos para su obtenci\u00f3n:<\/h4><\/div><\/div><\/li><li class='service_icon' style=''><\/li><li class='service_table_content' style=''><\/p>\n<ul>\n<li>Copia comprobante de domicilio (reciente)<\/li>\n<li>En caso de pagar con cheque, copia de credencial de elector de quien firma<\/li>\n<li>Copia Acta constitutiva<\/li>\n<li>2 referencias comerciales<\/li>\n<li>1 carta donde se mencione el importe del cr\u00e9dito solicitado, d\u00edas de revisi\u00f3n de facturas y d\u00edas de pago<\/li>\n<\/ul>\n<p><\/li><\/ul><\/div>[\/vc_column_inner][vc_column_inner width=\u00bb1\/2&#8243;][vc_single_image image=\u00bb22899&#8243; img_size=\u00bb1000&#215;400&#8243; alignment=\u00bbcenter\u00bb onclick=\u00bbcustom_link\u00bb qode_css_animation=\u00bbelement_from_top\u00bb]<div class='service_table_holder'><ul class='service_table_inner'><li class='service_table_title_holder ' style=''><div class='service_table_title_inner'><div class='service_table_title_inner2'><h4 class='service_title' style=''>Datos para su personalizaci\u00f3n <\/h4><\/div><\/div><\/li><li class='service_icon' style=''><\/li><li class='service_table_content' style=''><\/p>\n<ul class=\"left\">\n<li>Placas de sus veh\u00edculos<\/li>\n<li>Marca<\/li>\n<li>Modelo<\/li>\n<li>A\u00f1o<\/li>\n<li>Color<\/li>\n<li>N\u00famero Econ\u00f3mico<\/li>\n<li>Tipo de combustible (Magna, Premium, Diesel)<\/li>\n<li>Dias y horas para carga<\/li>\n<li>Importe autorizado por carga o por periodo de cada veh\u00edculo<\/li>\n<\/ul>\n<p><\/li><\/ul><\/div>[\/vc_column_inner][\/vc_row_inner][vc_empty_space][vc_column_text]<span style=\"font-size: 14pt;\"><span style=\"color: #333333;\">Toda la informaci\u00f3n puede ser enviada v\u00eda correo a\u00a0<a href=\"mailto:mharo@gasoineradelavictoria.com.mx\">mharo@gasoineradelavictoria.com.mx<\/a>\u00a0al departamento de cr\u00e9dito y cobranza o bien entregarlos en el \u00e1rea de facturaci\u00f3n adjunto a la gasolinera. 3 d\u00edas m\u00e1ximo para dar una respuesta a su solicitud de cr\u00e9dito.de los ni\u00f1os h\u00e9roes).<\/span><\/span>[\/vc_column_text][vc_empty_space][\/vc_column][\/vc_row]<\/p>\n<div style='text-align:center' class='yasr-auto-insert-visitor'><\/div>","protected":false},"excerpt":{"rendered":"<p>[vc_row type=\u00bbgrid\u00bb][vc_column][vc_empty_space height=\u00bb130px\u00bb][vc_column_text] \u00bfC\u00f3mo funciona? [\/vc_column_text][vc_single_image image=\u00bb22510&#8243; img_size=\u00bbfull\u00bb alignment=\u00bbcenter\u00bb][vc_column_text]Es un Tarjeta para el consumo de diario de gasolina con la facilidad y beneficio de usted mismo poder restringir v\u00eda Internet (previa identificaci\u00f3n electr\u00f3nica NIP) de la persona responsable: Montos, Horarios de carga, habilita o deshabilita&#8230;<\/p>\n","protected":false},"author":1,"featured_media":0,"parent":0,"menu_order":0,"comment_status":"open","ping_status":"open","template":"full_width.php","meta":{"yasr_overall_rating":0,"yasr_post_is_review":"","yasr_auto_insert_disabled":"","yasr_review_type":"","footnotes":""},"class_list":["post-22839","page","type-page","status-publish","hentry"],"yasr_visitor_votes":{"stars_attributes":{"read_only":false,"span_bottom":false},"number_of_votes":0,"sum_votes":0},"_links":{"self":[{"href":"https:\/\/www.gasolineradelavictoria.com.mx\/main\/index.php?rest_route=\/wp\/v2\/pages\/22839","targetHints":{"allow":["GET"]}}],"collection":[{"href":"https:\/\/www.gasolineradelavictoria.com.mx\/main\/index.php?rest_route=\/wp\/v2\/pages"}],"about":[{"href":"https:\/\/www.gasolineradelavictoria.com.mx\/main\/index.php?rest_route=\/wp\/v2\/types\/page"}],"author":[{"embeddable":true,"href":"https:\/\/www.gasolineradelavictoria.com.mx\/main\/index.php?rest_route=\/wp\/v2\/users\/1"}],"replies":[{"embeddable":true,"href":"https:\/\/www.gasolineradelavictoria.com.mx\/main\/index.php?rest_route=%2Fwp%2Fv2%2Fcomments&post=22839"}],"version-history":[{"count":6,"href":"https:\/\/www.gasolineradelavictoria.com.mx\/main\/index.php?rest_route=\/wp\/v2\/pages\/22839\/revisions"}],"predecessor-version":[{"id":23065,"href":"https:\/\/www.gasolineradelavictoria.com.mx\/main\/index.php?rest_route=\/wp\/v2\/pages\/22839\/revisions\/23065"}],"wp:attachment":[{"href":"https:\/\/www.gasolineradelavictoria.com.mx\/main\/index.php?rest_route=%2Fwp%2Fv2%2Fmedia&parent=22839"}],"curies":[{"name":"wp","href":"https:\/\/api.w.org\/{rel}","templated":true}]}}