{"id":20634,"date":"2014-07-09T07:54:08","date_gmt":"2014-07-09T07:54:08","guid":{"rendered":"http:\/\/demo.select-themes.com\/stockholm8\/?page_id=20634"},"modified":"2023-09-30T00:35:28","modified_gmt":"2023-09-30T00:35:28","slug":"home-standard-fullscreen-2-2","status":"publish","type":"page","link":"https:\/\/www.gasolineradelavictoria.com.mx\/main\/","title":{"rendered":"Pagina principal"},"content":{"rendered":"<p>[vc_row type=\u00bbgrid\u00bb][vc_column width=\u00bb2\/3&#8243;][vc_empty_space][vc_column_text]<\/p>\n<h5 style=\"text-align: center;\">BIENVENIDO<\/h5>\n<p>[\/vc_column_text][vc_single_image image=\u00bb22510&#8243; img_size=\u00bbfull\u00bb alignment=\u00bbcenter\u00bb][vc_column_text]<\/p>\n<p style=\"text-align: center;\"><span style=\"font-size: 14pt; color: #333333;\">Es un placer darle la bienvenida a este espacio virtual aqu\u00ed encontrara informaci\u00f3n sobre el sistema de cr\u00e9dito y d\u00e9bito en el consumo de gasolina, ubicaci\u00f3n, quienes somos, nuestra filosof\u00eda y los servicios que te ofrecemos a ti como cliente.<\/span><\/p>\n<p>[\/vc_column_text][\/vc_column][vc_column width=\u00bb1\/3&#8243;][vc_empty_space][vc_single_image image=\u00bb23030&#8243; img_size=\u00bbfull\u00bb alignment=\u00bbcenter\u00bb][vc_empty_space][vc_raw_html]<\/p>\n<form id=\"loginForm\" action=\"https:\/\/victoria.qualligas.net:8050\/Clientes.aspx\" method=\"post\">\n<table border=\"0\">\n<tbody>\n<tr>\n<td>ID Cliente<\/td>\n<td><input name=\"idCliente\" type=\"text\"><\/td>\n<\/tr>\n<tr>\n<td>Usuario<\/td>\n<td><input name=\"username\" type=\"text\"><\/td>\n<\/tr>\n<tr>\n<td>Contrase\u00f1a<\/td>\n<td><input name=\"password\" type=\"password\"><\/td>\n<\/tr>\n<tr>\n<td><\/td>\n<td><input type=\"submit\" value=\"Login\"><\/td>\n<\/tr>\n<tr>\n<td style=\"background-color: #006800; text-align: center;\" colspan=\"2\"><img decoding=\"async\" src=\"images\/logo.png\" alt=\"\" width=\"120\"><\/td>\n<\/tr>\n<\/tbody>\n<\/table>\n<\/form>\n<p>[vc_empty_space][\/vc_column][\/vc_row][vc_row type=\u00bbgrid\u00bb background_color=\u00bb#f5f5f5&#8243;][vc_column][vc_empty_space][vc_empty_space][vc_row_inner type=\u00bbgrid\u00bb padding_top=\u00bb95&#8243; padding_bottom=\u00bb65&#8243;][vc_column_inner width=\u00bb1\/3&#8243;][vc_single_image image=\u00bb22742&#8243; img_size=\u00bb80&#215;80&#8243; alignment=\u00bbcenter\u00bb][vc_empty_space][vc_column_text]<\/p>\n<h2 style=\"text-align: center;\"><span style=\"font-size: 18pt;\"><strong>Misi\u00f3n&nbsp;<\/strong><\/span><\/h2>\n<p>[\/vc_column_text][vc_single_image image=\u00bb22510&#8243; img_size=\u00bbfull\u00bb alignment=\u00bbcenter\u00bb][vc_column_text][\/vc_column_text][vc_column_text]<\/p>\n<p style=\"text-align: center;\"><span style=\"font-size: 14pt;\">Ser una estaci\u00f3n de servicio con el compromiso total de honestidad y de mejora continua, para ofrecer un excelente servicio al cliente, cuidando nuestro medio ambiente; manteniendo la calidad propia de la marca&nbsp; ARCO y obtener una retribuci\u00f3n equilibrada para nuestros accionistas y colaboradores.<\/span><\/p>\n<p>[\/vc_column_text][vc_empty_space][\/vc_column_inner][vc_column_inner width=\u00bb1\/3&#8243;][vc_single_image image=\u00bb22744&#8243; img_size=\u00bb80&#215;80&#8243; alignment=\u00bbcenter\u00bb][vc_empty_space][vc_column_text]<\/p>\n<h2 style=\"text-align: center;\"><span style=\"font-size: 18pt;\"><strong>Visi\u00f3n&nbsp;<\/strong><\/span><\/h2>\n<p>[\/vc_column_text][vc_single_image image=\u00bb22510&#8243; img_size=\u00bbfull\u00bb alignment=\u00bbcenter\u00bb][vc_column_text]<\/p>\n<p style=\"text-align: center;\"><span style=\"font-size: 14pt;\">Ser reconocidos como la mejor estaci\u00f3n de servicio de Guadalajara<\/span><\/p>\n<p>[\/vc_column_text][vc_empty_space][\/vc_column_inner][vc_column_inner width=\u00bb1\/3&#8243;][vc_single_image image=\u00bb22743&#8243; img_size=\u00bb80&#215;80&#8243; alignment=\u00bbcenter\u00bb][vc_empty_space][vc_column_text]<\/p>\n<h2 style=\"text-align: center;\"><span style=\"font-size: 18pt;\"><strong>Valores&nbsp;<\/strong><\/span><\/h2>\n<p>[\/vc_column_text][vc_single_image image=\u00bb22510&#8243; img_size=\u00bbfull\u00bb alignment=\u00bbcenter\u00bb][vc_column_text]<\/p>\n<p style=\"text-align: center;\"><span style=\"font-size: 14pt;\">Honestidad<\/span><\/p>\n<p style=\"text-align: center;\"><span style=\"font-size: 14pt;\">Trabajo en equipo<\/span><\/p>\n<p style=\"text-align: center;\"><span style=\"font-size: 14pt;\">Servicio al cliente<\/span><\/p>\n<p style=\"text-align: center;\"><span style=\"font-size: 14pt;\">Liderazgo<\/span><\/p>\n<p style=\"text-align: center;\"><span style=\"font-size: 14pt;\">Calidad<\/span><\/p>\n<p>[\/vc_column_text][vc_empty_space][\/vc_column_inner][\/vc_row_inner][\/vc_column][\/vc_row][vc_row background_image=\u00bb23070&#8243;][vc_column][vc_empty_space][vc_empty_space][vc_column_text]<\/p>\n<h2 style=\"text-align: center;\"><span style=\"color: #ffffff;\">PRECIOS DE NUESTROS COMBUSTIBLES&nbsp;<\/span><\/h2>\n<p>[\/vc_column_text][vc_single_image image=\u00bb21899&#8243; img_size=\u00bbfull\u00bb alignment=\u00bbcenter\u00bb][vc_empty_space][vc_row_inner type=\u00bbgrid\u00bb padding_top=\u00bb105&#8243; padding_bottom=\u00bb105&#8243;][vc_column_inner width=\u00bb1\/3&#8243;]<div class=\"q_counter_holder  center\" style=\"\"><span class=\"counter  random\" style=\"color: #ffffff;\">24.99<\/span><p class=\"counter_text\" style=\"color: #ffffff;\">POR LITRO<\/p><\/div>[vc_single_image image=\u00bb22510&#8243; img_size=\u00bbfull\u00bb alignment=\u00bbcenter\u00bb][vc_column_text]<\/p>\n<p style=\"text-align: center;\"><span style=\"font-size: 18pt;\"><strong><span style=\"color: #ffffff;\">ARCO PREMIUM&nbsp;<\/span><\/strong><\/span><\/p>\n<p>[\/vc_column_text][\/vc_column_inner][vc_column_inner width=\u00bb1\/3&#8243;]<div class=\"q_counter_holder  center\" style=\"\"><span class=\"counter  random\" style=\"color: #ffffff;\">22.49<\/span><p class=\"counter_text\" style=\"color: #ffffff;\">POR LITRO<\/p><\/div>[vc_single_image image=\u00bb22786&#8243; img_size=\u00bbfull\u00bb alignment=\u00bbcenter\u00bb][vc_column_text]<\/p>\n<p style=\"text-align: center;\"><span style=\"font-size: 18pt;\"><strong><span style=\"color: #ffffff;\">ARCO REGULAR<\/span><\/strong><\/span><\/p>\n<p>[\/vc_column_text][\/vc_column_inner][vc_column_inner width=\u00bb1\/3&#8243;]<div class=\"q_counter_holder  center\" style=\"\"><span class=\"counter  random\" style=\"color: #ffffff;\">23.99<\/span><p class=\"counter_text\" style=\"color: #ffffff;\">POR LITRO<\/p><\/div>[vc_single_image image=\u00bb22785&#8243; img_size=\u00bbfull\u00bb alignment=\u00bbcenter\u00bb][vc_column_text]<\/p>\n<p style=\"text-align: center;\"><span style=\"font-size: 18pt;\"><strong><span style=\"color: #ffffff;\">ARCO DIESEL<\/span><\/strong><\/span><\/p>\n<p>[\/vc_column_text][\/vc_column_inner][\/vc_row_inner][vc_empty_space][vc_empty_space][\/vc_column][\/vc_row][vc_row][vc_column][vc_empty_space height=\u00bb60px\u00bb][vc_column_text]<\/p>\n<h2 style=\"text-align: center;\"><span style=\"font-size: 18pt;\"><strong>Nuestros Servicios&nbsp;<\/strong><\/span><\/h2>\n<p>[\/vc_column_text][vc_single_image image=\u00bb22510&#8243; img_size=\u00bbfull\u00bb alignment=\u00bbcenter\u00bb][vc_empty_space height=\u00bb60px\u00bb][vc_row_inner][vc_column_inner width=\u00bb1\/3&#8243;][vc_single_image image=\u00bb22999&#8243; img_size=\u00bbfull\u00bb alignment=\u00bbcenter\u00bb onclick=\u00bbcustom_link\u00bb link=\u00bbhttp:\/\/www.gasolineradelavictoria.com.mx\/main\/?page_id=22577&#8243;]<a href=\"http:\/\/www.gasolineradelavictoria.com.mx\/main\/?page_id=22577\" target=\"_self\"  class=\"qbutton  big_large_full_width\" style=\"\"><\/a>[\/vc_column_inner][vc_column_inner width=\u00bb2\/3&#8243;][vc_column_text]<span lang=\"ES-TRAD\" style=\"font-family: futura-book; font-size: 14pt; color: #333333;\">A nuestros especialistas los podr\u00e1s distinguir por su amabilidad, por el servicio que brindan y por lo mucho que saben de nuestros productos. En las estaciones de servicio, podr\u00e1s vivir una experiencia novedosa y de clase mundial.<\/span><\/p>\n<p><span lang=\"ES-TRAD\" style=\"font-family: futura-book; font-size: 14pt; color: #333333;\">Podr\u00e1s comprobar que te ofrecemos un servicio personalizado, amable, eficiente y honesto en instalaciones limpias, seguras y bien iluminadas para:<\/span><\/p>\n<ul>\n<li><span style=\"font-family: futura-book; font-size: 14pt; color: #333333;\">Llenar tu tanque con los mejores combustibles.<\/span><\/li>\n<li><span style=\"font-family: futura-book; font-size: 14pt; color: #333333;\">Revisar, cargar y conservar tu auto con los mejores aceites lubricantes.<\/span><\/li>\n<li><span style=\"font-family: futura-book; font-size: 14pt; color: #333333;\">Revisar e inflar las llantas de tu auto.<\/span><\/li>\n<li><span style=\"font-family: futura-book; font-size: 14pt; color: #333333;\">Revisar y corregir los niveles de l\u00edquido de tu auto.<\/span><\/li>\n<li><span style=\"font-family: futura-book; font-size: 14pt; color: #333333;\">Limpiar los cristales de tu auto.<\/span><\/li>\n<li><span style=\"font-family: futura-book; font-size: 14pt; color: #333333;\">Podr\u00e1s usar ba\u00f1os limpios, todo el tiempo. Este compromiso es permanente.<\/span><\/li>\n<li><span style=\"font-family: futura-book; font-size: 14pt; color: #333333;\">Recibir\u00e1s un servicio respetuoso y amigable, todo el tiempo.<\/span><\/li>\n<\/ul>\n<p>[\/vc_column_text][\/vc_column_inner][\/vc_row_inner][vc_empty_space][\/vc_column][\/vc_row][vc_row background_image=\u00bb22613&#8243;][vc_column][vc_gmaps link=\u00bb#E-8_JTNDaWZyYW1lJTIwc3JjJTNEJTIyaHR0cHMlM0ElMkYlMkZ3d3cuZ29vZ2xlLmNvbSUyRm1hcHMlMkZlbWJlZCUzRnBiJTNEJTIxMW0xOCUyMTFtMTIlMjExbTMlMjExZDM3MzMuMDcyMzExMTQzMDkyJTIxMmQtMTAzLjM3MjA2MjE4NTc3MTc3JTIxM2QyMC42NjY2MzY5MDU0MTkxNTclMjEybTMlMjExZjAlMjEyZjAlMjEzZjAlMjEzbTIlMjExaTEwMjQlMjEyaTc2OCUyMTRmMTMuMSUyMTNtMyUyMTFtMiUyMTFzMHg4NDI4YWUwYmE4NmQ0M2JkJTI1M0EweDgzODgxYzk5YjU4OGVlYjAlMjEyc0dhc29saW5lcmElMkJkZSUyQmxhJTJCVmljdG9yaWElMkJTLkElMjE1ZTAlMjEzbTIlMjExc2VzJTIxMnNteCUyMTR2MTUyNDA3NzIyMTgzNyUyMiUyMHdpZHRoJTNEJTIyNjAwJTIyJTIwaGVpZ2h0JTNEJTIyNDUwJTIyJTIwZnJhbWVib3JkZXIlM0QlMjIwJTIyJTIwc3R5bGUlM0QlMjJib3JkZXIlM0EwJTIyJTIwYWxsb3dmdWxsc2NyZWVuJTNFJTNDJTJGaWZyYW1lJTNF\u00bb][\/vc_column][\/vc_row][vc_row][vc_column][vc_column_text]<br \/>\n[\/vc_column_text][\/vc_column][\/vc_row][vc_row type=\u00bbgrid\u00bb padding_top=\u00bb100&#8243; padding_bottom=\u00bb20&#8243;][vc_column width=\u00bb1\/3&#8243;][vc_single_image image=\u00bb22616&#8243; img_size=\u00bb50&#215;50&#8243; alignment=\u00bbcenter\u00bb][vc_empty_space][vc_column_text]<\/p>\n<h2 style=\"text-align: center;\"><span style=\"font-size: 18pt;\">Ubicaci\u00f3n<strong style=\"font-size: 18pt;\">&nbsp;<\/strong><\/span><\/h2>\n<p>[\/vc_column_text][vc_empty_space][vc_column_text]<\/p>\n<p class=\"x_MsoNormal\" style=\"text-align: center;\"><span style=\"font-family: futura-book;\">Av. Ni\u00f1os Heroes 2043, Col. Barrera, Guadalajara Jal.<\/span><\/p>\n<p>[\/vc_column_text][\/vc_column][vc_column width=\u00bb1\/3&#8243;][vc_single_image image=\u00bb22617&#8243; img_size=\u00bb50&#215;50&#8243; alignment=\u00bbcenter\u00bb][vc_empty_space][vc_column_text]<\/p>\n<h2 style=\"text-align: center;\"><span style=\"font-size: 18pt;\">Tel\u00e9fono<strong style=\"font-size: 18pt;\">&nbsp;<\/strong><\/span><\/h2>\n<p>[\/vc_column_text][vc_empty_space][vc_column_text]<\/p>\n<p class=\"x_MsoNormal\" style=\"text-align: center;\"><span style=\"font-family: futura-book; color: #333333;\">3336159827<\/span><\/p>\n<p class=\"x_MsoNormal\" style=\"text-align: center;\"><span style=\"font-family: futura-book; color: #333333;\">3336152609<\/span><\/p>\n<p>[\/vc_column_text][\/vc_column][vc_column width=\u00bb1\/3&#8243;][vc_single_image image=\u00bb22618&#8243; img_size=\u00bb50&#215;50&#8243; alignment=\u00bbcenter\u00bb][vc_empty_space][vc_column_text]<\/p>\n<h2 style=\"text-align: center;\"><span style=\"font-size: 18pt;\">Correo<strong style=\"font-size: 18pt;\">&nbsp;<\/strong><\/span><\/h2>\n<p>[\/vc_column_text][vc_empty_space][vc_column_text]<\/p>\n<p class=\"x_MsoNormal\" style=\"text-align: center;\"><span style=\"font-family: futura-book; color: #333333;\">creditoycobranza@gasolineradelavictoria.com.mx<\/span><\/p>\n<p>[\/vc_column_text][\/vc_column][\/vc_row]<\/p>\n<div style='text-align:center' class='yasr-auto-insert-visitor'><\/div>","protected":false},"excerpt":{"rendered":"<p>[vc_row type=\u00bbgrid\u00bb][vc_column width=\u00bb2\/3&#8243;][vc_empty_space][vc_column_text] BIENVENIDO [\/vc_column_text][vc_single_image image=\u00bb22510&#8243; img_size=\u00bbfull\u00bb alignment=\u00bbcenter\u00bb][vc_column_text] Es un placer darle la bienvenida a este espacio virtual aqu\u00ed encontrara informaci\u00f3n sobre el sistema de cr\u00e9dito y d\u00e9bito en el consumo de gasolina, ubicaci\u00f3n, quienes somos, nuestra filosof\u00eda y los servicios que te ofrecemos a&#8230;<\/p>\n","protected":false},"author":1,"featured_media":0,"parent":0,"menu_order":0,"comment_status":"open","ping_status":"open","template":"full_width.php","meta":{"yasr_overall_rating":0,"yasr_post_is_review":"","yasr_auto_insert_disabled":"","yasr_review_type":"","footnotes":""},"class_list":["post-20634","page","type-page","status-publish","hentry"],"yasr_visitor_votes":{"stars_attributes":{"read_only":false,"span_bottom":false},"number_of_votes":0,"sum_votes":0},"_links":{"self":[{"href":"https:\/\/www.gasolineradelavictoria.com.mx\/main\/index.php?rest_route=\/wp\/v2\/pages\/20634","targetHints":{"allow":["GET"]}}],"collection":[{"href":"https:\/\/www.gasolineradelavictoria.com.mx\/main\/index.php?rest_route=\/wp\/v2\/pages"}],"about":[{"href":"https:\/\/www.gasolineradelavictoria.com.mx\/main\/index.php?rest_route=\/wp\/v2\/types\/page"}],"author":[{"embeddable":true,"href":"https:\/\/www.gasolineradelavictoria.com.mx\/main\/index.php?rest_route=\/wp\/v2\/users\/1"}],"replies":[{"embeddable":true,"href":"https:\/\/www.gasolineradelavictoria.com.mx\/main\/index.php?rest_route=%2Fwp%2Fv2%2Fcomments&post=20634"}],"version-history":[{"count":74,"href":"https:\/\/www.gasolineradelavictoria.com.mx\/main\/index.php?rest_route=\/wp\/v2\/pages\/20634\/revisions"}],"predecessor-version":[{"id":23345,"href":"https:\/\/www.gasolineradelavictoria.com.mx\/main\/index.php?rest_route=\/wp\/v2\/pages\/20634\/revisions\/23345"}],"wp:attachment":[{"href":"https:\/\/www.gasolineradelavictoria.com.mx\/main\/index.php?rest_route=%2Fwp%2Fv2%2Fmedia&parent=20634"}],"curies":[{"name":"wp","href":"https:\/\/api.w.org\/{rel}","templated":true}]}}